der when j is divided by n(-3)?
30
Let w(p) = -p**3 - 29*p**2 + 63*p + 44. Let f be 2/(471/(-93) + (-8 - -13)). Calculate the remainder when 23 is divided by w(f).
10
Let b = 120 + -103. Suppose 0 = 9*c - b*c + 40. Calculate the remainder when c is divided by 2.
1
Let o be 537*3/(-9)*1. Let j be (-2)/10 + o/5 + 3. Let r = j + 35. Calculate the remainder when 23 is divided by r.
1
Let r = 408 + -314. Let u = r + -74. Calculate the remainder when 36 is divided by u.
16
Let h(j) = -j**3 + 12*j**2 + 23*j + 79. Calculate the remainder when 574 is divided by h(14).
7
Let o = 15766 + -14183. What is the remainder when o is divided by 176?
175
Let r(c) = 2*c**3 - 10*c**2 - 20*c + 205. Calculate the remainder when 527 is divided by r(7).
5
Let g = 390 + -196. Let l = g + -167. What is the remainder when 49 is divided by l?
22
Let v = 5725 + -5660. Let m = -99 + 45. Let y = v + m. Calculate the remainder when 16 is divided by y.
5
Let p = -228 + 162. What is the remainder when 47 is divided by p/(-10) + (-44)/(-110)?
5
Let o(k) be the first derivative of -17*k**2 + 104*k - 6. What is the remainder when o(-15) is divided by 41?
40
Suppose -s + 106 = -c, 6*s - 2*s + 3*c = 452. Let v(d) = -273*d + 2463. Calculate the remainder when s is divided by v(9).
2
Suppose -11*l + 88 - 22 = 0. Calculate the remainder when 227 is divided by 1 + l + -80 + 85.
11
Let z(m) = -m**2 - 19*m - 40. Let q be z(-16). Let b = -22 + 45. What is the remainder when (-2)/q + 181/4 is divided by b?
22
Let o(w) = 85*w**2 - 1372*w - 17. Calculate the remainder when o(-7) is divided by 21.
18
Suppose 1230*w + 289 = 1255*w - 86. Calculate the remainder when 2068 is divided by w.
13
Calculate the remainder when 5969 is divided by -3*(-2388)/18*(-9)/(-18).
198
Let u be (-8 - -2)/((-18)/2154). Let m = u - 602. What is the remainder when m is divided by 30?
26
Let l = 5596 + -433. Calculate the remainder when l is divided by 38.
33
Suppose 20*y = -158 + 738. Calculate the remainder when 276 is divided by y.
15
Let v(g) = 47*g - 9149. Calculate the remainder when ((-136)/6)/(4/(-42)) is divided by v(195).
14
Suppose 2*w - 8 = -l, 6*w + l = 9*w - 12. Let j(t) = t**3 - 6*t**2 + 21*t - 13. Calculate the remainder when 47 is divided by j(w).
8
Let u(t) = -t**3 + 45*t**2 - 89*t + 165. Calculate the remainder when 280 is divided by u(43).
28
Suppose 30 = 9*t - 15. Suppose -m = 2*m + t*i - 8, -3*m = -3*i. Calculate the remainder when 163 is divided by (1*22/(-8))/(m/(-12)).
31
Suppose -31*c + 57*c = 78. Suppose -2*v + o + 2146 = 3*v, v + c*o - 442 = 0. Calculate the remainder when v is divided by 54.
52
Let y(a) = a**3 - 11*a**2 + 18*a + 7. What is the remainder when ((-28)/63)/((-4)/234) is divided by y(9)?
5
Suppose -20*b + 780 = 32*b. Suppose -b*j = -5*j - 1570. Calculate the remainder when j is divided by 16.
13
Suppose 3*v + 9 = -2*y, -14 = -3*y + 2*v - v. Let n(o) = 7*o**2 - 56*o + 15. Calculate the remainder when n(8) is divided by y.
0
Suppose 5*k = 261 + 244. Suppose -3*l - 96 = -105. Calculate the remainder when k is divided by l*((-84)/(-9) - 2).
13
Let q(g) = -6 + 1 + 3 - 7 - 3*g. Calculate the remainder when (-52910)/(-444) - (-7)/(-6) is divided by q(-11).
22
Let j = 11891 - 11552. What is the remainder when j is divided by 17?
16
Suppose 16*c - 41 + 105 = 0. Calculate the remainder when 68 is divided by (c/12)/((-440)/(-444) + -1).
31
Suppose 4*j - 33 = -5*i, j + 32 = 5*i - 16. Let p(v) = v**3 - 9*v**2 + 3*v - 14. What is the remainder when 115 is divided by p(i)?
11
Suppose -2*a - 2*y = -4*a - 6, a - 3*y = -9. Let n = a - -60. Suppose -203*o + 206*o - 39 = 0. What is the remainder when n is divided by o?
8
Let f(s) = -32*s. Let u be f(1). Let d(k) = 5*k - 192. Let j be d(28). Let c = u - j. Calculate the remainder when 76 is divided by c.
16
Let x(m) = -247*m - 49. What is the remainder when x(-21) is divided by 37?
32
Let g(x) = -x**3 + 81*x**2 - 568*x - 433. Calculate the remainder when 2213 is divided by g(73).
8
Suppose -25*p + 69 = -631. Let d = -70 - -209. Calculate the remainder when d is divided by p.
27
Suppose 22*h + 104 = 24*h. Calculate the remainder when h is divided by (-27)/((-972)/(-24)) + 40/6.
4
Calculate the remainder when -15*(-13*(-6)/(-15) - -1) is divided by (-3)/18 - 67/(-6).
8
Suppose -2*t + 5*a - 6*a + 40 = 0, 0 = 4*a. Let d be -4*(2 + (-18)/8). Let f = t + d. What is the remainder when 104 is divided by f?
20
Let m = -17905 + 17914. Calculate the remainder when 5308 is divided by m.
7
Suppose 24 = d - 5*w, -3*d + 2*d - w + 36 = 0. Let o = 885 + -879. Let m = o - -1. Calculate the remainder when d is divided by m.
6
Let h = -13 - -25. Let f be (2 + -8)*((-63)/18 + 3). Suppose -f*x + 99 = o, 6*o + 132 = 4*x + 9*o. Calculate the remainder when x is divided by h.
9
Let r = -20 - -3. Suppose 59*k - 298 = -2186. Calculate the remainder when 53 is divided by 16/k + r/(-2).
5
Suppose -153*m + 11*m - 48*m + 42560 = 0. What is the remainder when 1797 is divided by m?
5
Suppose -2*t + 0*t = -8. Let p(q) = q**3 + 11*q**2 + 4*q + 18. Let y be p(-8). Let z = 192 - y. Calculate the remainder when z is divided by t.
2
Let k(t) = 2*t**3 - 7*t**2 + 8. Let a be k(3). Let m be (-9)/(-6)*(-16)/6*a. Suppose -m*i + 23 = -3*i. Calculate the remainder when i is divided by 8.
7
Suppose 6*z - 190*z + 4948 + 2228 = 0. Suppose -3*r + x + 26 = 0, -3*x - 39 = -3*r - 9. Calculate the remainder when z is divided by r.
7
Suppose -4*x - 4*m + 292 = 0, -m + 6 + 142 = 2*x. Suppose 4 = -f - 3. Let d = 6 - f. What is the remainder when x is divided by d?
10
Suppose 4*m + 38 = 90. Let s(p) = p**2 - 9*p - 34. What is the remainder when m is divided by s(-3)?
1
Let q(l) be the second derivative of -2*l**3/3 + 9*l**2/2 - 131*l. Calculate the remainder when 3/((3/220)/1) is divided by q(-2).
16
Suppose -9*g + 1 = -8*g. Let u be (g - (-6 + 1))/(-1). What is the remainder when u/(-30) + (-1136)/(-20) is divided by 29?
28
Let a be (-1205)/(-9) + 4/36. Suppose -3*c + 2*o + 3*o + a = 0, -5*c + 250 = 5*o. What is the remainder when 94 is divided by c?
46
Let s be ((-14)/(-4) - 4)*-6 + -4. Let t be ((-6)/5)/((-6)/15*s). What is the remainder when 2/9*t*393/(-2) is divided by 19?
17
Let r(n) = n**2 + 16*n + 16. Let m be r(-15). Suppose -2*a = z - 6, 3*a + m = z - 0*a. Calculate the remainder when 12 is divided by 4 + 1 + -4 + z.
2
Let i(r) be the third derivative of -31*r**6/15 + r**5/30 + r**4/4 + r**3/2 + 113*r**2. Calculate the remainder when i(-1) is divided by 23.
17
Let v = -28878 - -28902. Suppose 5*u - u + 12 = 0, -u = -5*b + 953. What is the remainder when b is divided by v?
22
Suppose 0 = 5*z - 8 - 177. Suppose -2*v + 5*v + 18 = 0, -15 = -3*j - 4*v. What is the remainder when z is divided by j?
11
Let g = 309 - 288. Suppose -14*h - 840 = -g*h. Calculate the remainder when h is divided by 35.
15
Let y(j) = -j**3 + 35*j**2 + j - 35. Let c be y(35). Suppose -2*u = -2, -4*f - 3*u = -c*u - 279. What is the remainder when f is divided by 19?
12
Suppose 0 = -5*p - 3*h - 318, -p - 4*p + 3*h = 342. Calculate the remainder when (p/9)/((-2)/21) is divided by (-1096)/(-42) + (-40)/420.
25
Suppose 2*z - 1 = -17. What is the remainder when 48 is divided by (52/(-13))/(z/36)?
12
Calculate the remainder when 68 is divided by ((-1)/6)/(7923/(-990) - -8).
13
Let v be ((-14)/(-4) - 5)/((-3)/2). Let g = -1 + v. Suppose g*s = 4*s - 48. What is the remainder when s is divided by 5?
2
Calculate the remainder when (35/5 - 9) + 33 + -6 is divided by (24/(-14))/((-8)/28).
1
Let a(n) = -4*n**3 + 27*n**2 - 6*n - 8. What is the remainder when 1406 is divided by a(6)?
62
Suppose 4*g = -495 + 2119. Suppose 5*p + 400 = 10*c - 7*c, -p + g = 3*c. Calculate the remainder when c is divided by 36.
27
Suppose -77285 = -86*y - 66*y - 225*y. Calculate the remainder when y is divided by 33.
7
Calculate the remainder when 6091 - ((-7)/(-3))/((-147)/(-126)) is divided by 37.
21
Let q be (-93)/(-12) + (3 - (-22)/(-8)). What is the remainder when 46 is divided by 20 + 2/(q/(-12))?
12
Suppose -4*a - 3*l + 6009 = 2*l, -a + 1491 = -l. Suppose 539 = z - 2*b, -3*z + 71 + a = 4*b. What is the remainder when z is divided by 76?
73
Suppose 820*g - 819*g - 9596 = 0. Calculate the remainder when g is divided by 150.
146
Let s = -41 - -150. Suppos